remainder when 228 is divided by 116.
112
Calculate the remainder when 147 is divided by 135.
12
Calculate the remainder when 192 is divided by 76.
40
Calculate the remainder when 86 is divided by 18.
14
Calculate the remainder when 237 is divided by 80.
77
What is the remainder when 6687 is divided by 223?
220
Calculate the remainder when 69 is divided by 2.
1
What is the remainder when 790 is divided by 197?
2
What is the remainder when 702 is divided by 336?
30
What is the remainder when 58 is divided by 22?
14
What is the remainder when 2390 is divided by 593?
18
What is the remainder when 43 is divided by 16?
11
Calculate the remainder when 1164 is divided by 34.
8
Calculate the remainder when 189 is divided by 49.
42
What is the remainder when 4297 is divided by 18?
13
Calculate the remainder when 149 is divided by 47.
8
Calculate the remainder when 112 is divided by 20.
12
Calculate the remainder when 955 is divided by 4.
3
What is the remainder when 379 is divided by 28?
15
What is the remainder when 1778 is divided by 1765?
13
What is the remainder when 2945 is divided by 25?
20
What is the remainder when 29833 is divided by 45?
43
What is the remainder when 19 is divided by 17?
2
What is the remainder when 2212 is divided by 123?
121
Calculate the remainder when 540 is divided by 37.
22
Calculate the remainder when 201 is divided by 112.
89
What is the remainder when 24 is divided by 1?
0
What is the remainder when 1462 is divided by 133?
132
What is the remainder when 273 is divided by 38?
7
What is the remainder when 1940 is divided by 130?
120
Calculate the remainder when 405 is divided by 43.
18
What is the remainder when 498 is divided by 161?
15
Calculate the remainder when 508 is divided by 46.
2
What is the remainder when 264 is divided by 67?
63
What is the remainder when 965 is divided by 11?
8
What is the remainder when 2290 is divided by 64?
50
Calculate the remainder when 203 is divided by 40.
3
What is the remainder when 123 is divided by 113?
10
What is the remainder when 7802 is divided by 41?
12
Calculate the remainder when 358 is divided by 15.
13
Calculate the remainder when 838 is divided by 30.
28
What is the remainder when 142 is divided by 130?
12
Calculate the remainder when 71 is divided by 20.
11
Calculate the remainder when 2184 is divided by 81.
78
Calculate the remainder when 3101 is divided by 115.
111
Calculate the remainder when 1578 is divided by 45.
3
What is the remainder when 314 is divided by 53?
49
What is the remainder when 710 is divided by 241?
228
Calculate the remainder when 304 is divided by 113.
78
What is the remainder when 1054 is divided by 44?
42
What is the remainder when 518 is divided by 489?
29
Calculate the remainder when 955 is divided by 57.
43
Calculate the remainder when 2102 is divided by 116.
14
Calculate the remainder when 1219 is divided by 507.
205
Calculate the remainder when 1608 is divided by 13.
9
What is the remainder when 7682 is divided by 113?
111
What is the remainder when 2657 is divided by 336?
305
Calculate the remainder when 707 is divided by 232.
11
What is the remainder when 343 is divided by 15?
13
What is the remainder when 273 is divided by 5?
3
What is the remainder when 366 is divided by 56?
30
Calculate the remainder when 62 is divided by 50.
12
What is the remainder when 484 is divided by 54?
52
Calculate the remainder when 465 is divided by 130.
75
What is the remainder when 27 is divided by 10?
7
Calculate the remainder when 533 is divided by 62.
37
Calculate the remainder when 7389 is divided by 308.
305
What is the remainder when 422 is divided by 41?
12
Calculate the remainder when 2707 is divided by 43.
41
Calculate the remainder when 138 is divided by 12.
6
Calculate the remainder when 9500 is divided by 3164.
8
Calculate the remainder when 1014 is divided by 264.
222
Calculate the remainder when 735 is divided by 20.
15
Calculate the remainder when 153 is divided by 70.
13
Calculate the remainder when 261 is divided by 45.
36
Calculate the remainder when 100 is divided by 10.
0
What is the remainder when 369 is divided by 38?
27
Calculate the remainder when 40 is divided by 22.
18
Calculate the remainder when 117 is divided by 86.
31
What is the remainder when 358 is divided by 14?
8
What is the remainder when 556 is divided by 170?
46
What is the remainder when 189 is divided by 19?
18
What is the remainder when 344 is divided by 44?
36
What is the remainder when 4474 is divided by 37?
34
Calculate the remainder when 119 is divided by 8.
7
Calculate the remainder when 738 is divided by 2.
0
Calculate the remainder when 350 is divided by 108.
26
Calculate the remainder when 44 is divided by 5.
4
What is the remainder when 263 is divided by 50?
13
Calculate the remainder when 92 is divided by 20.
12
What is the remainder when 699 is divided by 77?
6
Calculate the remainder when 5977 is divided by 130.
127
Calculate the remainder when 185 is divided by 62.
61
What is the remainder when 1708 is divided by 462?
322
Calculate the remainder when 13 is divided by 3.
1
What is the remainder when 3776 is divided by 42?
38
What is the remainder when 25 is divided by 14?
11
Calculate the remainder when 186 is divided by 32.
26
What is the remainder when 31576 is divided by 114?
112
Calculate the remainder when 495 is divided by 31.
30
What is the remainder when 5181 is divided by 162?
159
Calculate the remainder when 163 is divided by 56.
51
What is the remainder when 112 is divided by 27?
4
Calculate the remainder when 256 is divided by 81.
13
What is the remainder when 109 is divided by 33?
10
Calculate the remainder when 2836 is divided by 67.
22
Calculate the remainder when 602 is divided by 151.
149
What is the remainder when 161 is divided by 11?
7
Calculate the remainder when 83 is divided by 31.
21
Calculate the remainder when 1234 is divided by 65.
64
What is the remainder when 113 is divided by 60?
53
Calculate the remainder when 117 is divided by 30.
27
Calculate the remainder when 23 is divided by 21.
2
What is the remainder when 197 is divided by 27?
8
Calculate the remainder when 158 is divided by 93.
65
What is the remainder when 198 is divided by 57?
27
What is the remainder when 315 is divided by 36?
27
Calculate the remainder when 197 is divided by 25.
22
What is the remainder when 3688 is divided by 26?
22
What is the remainder when 131 is divided by 33?
32
What is the remainder when 328 is divided by 22?
20
What is the remainder when 443 is divided by 42?
23
Calculate the remainder when 111 is divided by 26.
7
What is the remainder when 415 is divided by 11?
8
What is the remainder when 850 is divided by 161?
45
Calculate the remainder when 814 is divided by 25.
14
What is the remainder when 1693 is divided by 562?
7
What is the remainder when 310 is divided by 39?
37
Calculate the remainder when 172 is divided by 90.
82
What is the remainder when 75 is divided by 26?
23
What is the remainder when 288 is divided by 68?
16
What is the remainder when 103 is divided by 36?
31
What is the remainder when 278 is divided by 75?
53
Calculate the remainder when 1649 is divided by 28.
25
What is the remainder when 1143 is divided by 24?
15
What is the remainder when 1828 is divided by 122?
120
Calculate the remainder when 3093 is divided by 72.
69
What is the remainder when 39153 is divided by 52?
49
Calculate the remainder when 25 is divided by 16.
9
Calculate the remainder when 478 is divided by 38.
22
Calculate the remainder when 172 is divided by 26.
16
Calculate the remainder when 2359 is divided by 182.
175
Calculate the remainder when 167 is divided by 161.
6
What is the remainder when 82 is divided by 26?
4
What is the remainder when 3848 is divided by 1280?
8
Calculate the remainder when 149 is divided by 145.
4
Calculate the remainder when 797 is divided by 328.
141
What is the remainder when 1574 is divided by 641?
292
What is the remainder when 557 is divided by 197?
163
Calculate the remainder when 8399 is divided by 24.
23
What is the remainder when 562 is divided by 94?
92
Calculate the remainder when 11347 is divided by 25.
22
Calculate the remainder when 2313 is divided by 193.
190
What is the remainder when 5609 is divid